{"id":2709,"date":"2016-01-01T22:53:19","date_gmt":"2016-01-01T20:53:19","guid":{"rendered":"http:\/\/mrnelson-ecowear.com\/wordpress-sp\/?page_id=2709"},"modified":"2025-05-25T07:35:01","modified_gmt":"2025-05-25T05:35:01","slug":"tumornachsorge","status":"publish","type":"page","link":"http:\/\/praxis-crivellaro.de\/wordpress\/leistungen\/tumornachsorge\/","title":{"rendered":"Tumornachsorge"},"content":{"rendered":"\n<p class=\"has-medium-font-size\">Die Tumornachsorge erfolgt nach den Empfehlungen und Richtlinien der entsprechenden Fachgesellschaften (Deutsche Gesellschaft f\u00fcr Gyn\u00e4kologie und Geburtshilfe,&nbsp; Arbeitsgemeinschaft Gyn\u00e4kologische Onkologie, Arbeitsgemeinschaft Senologie,&nbsp; Deutsche Krebsgesellschaft).<\/p>\n\n\n\n<p class=\"has-medium-font-size\">Ziel der Tumornachsorge ist die Beratung und Unterst\u00fctzung nach Erkrankung&nbsp; an einem gyn\u00e4kologischen Krebs oder Brustkrebs, die Fr\u00fcherkennung von Lokalrezidiven (Neuauftreten von Tumoren), das Erkennen von b\u00f6sartigen Erkrankungen anderer&nbsp; Organe (Fr\u00fcherkennung\/ Vorsorge) sowie die Betreuung von Patientinnen mit Metastasen (Streuung der Tumorzellen).<\/p>\n\n\n\n<p class=\"has-medium-font-size\">In der Regel&nbsp; finden die Nachsorgeuntersuchungen nach einer Krebserkrankung in den ersten 3 Jahren alle 3 Monate statt, in den Jahren 4-5 alle halbe Jahr, danach&nbsp; j\u00e4hrlich.<\/p>\n\n\n\n<p class=\"has-medium-font-size\">Wir sind im Disease Management Programm (DMP) Brustkrebs der Krankenkassen eingetragen.<\/p>\n\n\n\n<p>&nbsp;<\/p>\n","protected":false},"excerpt":{"rendered":"<p>Die Tumornachsorge erfolgt nach den Empfehlungen und Richtlinien der entsprechenden Fachgesellschaften (Deutsche Gesellschaft f\u00fcr Gyn\u00e4kologie und Geburtshilfe,&nbsp; Arbeitsgemeinschaft Gyn\u00e4kologische Onkologie, Arbeitsgemeinschaft Senologie,&nbsp; Deutsche Krebsgesellschaft). Ziel der Tumornachsorge ist die Beratung und Unterst\u00fctzung nach Erkrankung&nbsp; an einem gyn\u00e4kologischen Krebs oder Brustkrebs, die Fr\u00fcherkennung von Lokalrezidiven (Neuauftreten von Tumoren), das Erkennen von b\u00f6sartigen Erkrankungen anderer&nbsp; Organe (Fr\u00fcherkennung\/&hellip;<\/p>\n","protected":false},"author":1,"featured_media":0,"parent":2605,"menu_order":0,"comment_status":"closed","ping_status":"closed","template":"","meta":{"footnotes":""},"class_list":["post-2709","page","type-page","status-publish","hentry"],"_links":{"self":[{"href":"http:\/\/praxis-crivellaro.de\/wordpress\/wp-json\/wp\/v2\/pages\/2709","targetHints":{"allow":["GET"]}}],"collection":[{"href":"http:\/\/praxis-crivellaro.de\/wordpress\/wp-json\/wp\/v2\/pages"}],"about":[{"href":"http:\/\/praxis-crivellaro.de\/wordpress\/wp-json\/wp\/v2\/types\/page"}],"author":[{"embeddable":true,"href":"http:\/\/praxis-crivellaro.de\/wordpress\/wp-json\/wp\/v2\/users\/1"}],"replies":[{"embeddable":true,"href":"http:\/\/praxis-crivellaro.de\/wordpress\/wp-json\/wp\/v2\/comments?post=2709"}],"version-history":[{"count":1,"href":"http:\/\/praxis-crivellaro.de\/wordpress\/wp-json\/wp\/v2\/pages\/2709\/revisions"}],"predecessor-version":[{"id":3037,"href":"http:\/\/praxis-crivellaro.de\/wordpress\/wp-json\/wp\/v2\/pages\/2709\/revisions\/3037"}],"up":[{"embeddable":true,"href":"http:\/\/praxis-crivellaro.de\/wordpress\/wp-json\/wp\/v2\/pages\/2605"}],"wp:attachment":[{"href":"http:\/\/praxis-crivellaro.de\/wordpress\/wp-json\/wp\/v2\/media?parent=2709"}],"curies":[{"name":"wp","href":"https:\/\/api.w.org\/{rel}","templated":true}]}}